divided by 12500?
17
What is the remainder when 24449 is divided by 306?
275
What is the remainder when 2334 is divided by 295?
269
Calculate the remainder when 1635 is divided by 180.
15
What is the remainder when 433597 is divided by 12?
1
What is the remainder when 3529 is divided by 437?
33
Calculate the remainder when 21879 is divided by 267.
252
Calculate the remainder when 2425207 is divided by 661.
659
Calculate the remainder when 328272 is divided by 1658.
1646
Calculate the remainder when 170047 is divided by 85018.
11
Calculate the remainder when 4869 is divided by 1620.
9
Calculate the remainder when 56276 is divided by 28.
24
What is the remainder when 69511 is divided by 47?
45
Calculate the remainder when 22144 is divided by 215.
214
What is the remainder when 8881 is divided by 277?
17
What is the remainder when 6564 is divided by 469?
467
Calculate the remainder when 104571 is divided by 14938.
5
What is the remainder when 17231 is divided by 144?
95
Calculate the remainder when 1546167 is divided by 44.
7
Calculate the remainder when 316 is divided by 163.
153
Calculate the remainder when 65233 is divided by 338.
337
What is the remainder when 18636 is divided by 3?
0
What is the remainder when 73529 is divided by 127?
123
What is the remainder when 1374 is divided by 1280?
94
What is the remainder when 4479 is divided by 38?
33
Calculate the remainder when 136239 is divided by 459.
375
Calculate the remainder when 3302783 is divided by 9.
8
Calculate the remainder when 487819 is divided by 389.
13
What is the remainder when 6625 is divided by 47?
45
What is the remainder when 117644 is divided by 8403?
2
What is the remainder when 5506289 is divided by 1012?
1009
What is the remainder when 65513 is divided by 280?
273
What is the remainder when 3217 is divided by 229?
11
Calculate the remainder when 46390 is divided by 36.
22
What is the remainder when 12450 is divided by 3112?
2
Calculate the remainder when 2132 is divided by 209.
42
What is the remainder when 1488 is divided by 187?
179
What is the remainder when 19327 is divided by 6357?
256
Calculate the remainder when 31650 is divided by 164.
162
What is the remainder when 873 is divided by 243?
144
Calculate the remainder when 178055 is divided by 25428.
59
What is the remainder when 53442 is divided by 17802?
36
What is the remainder when 615 is divided by 119?
20
Calculate the remainder when 4248 is divided by 1783.
682
Calculate the remainder when 19788 is divided by 791.
13
What is the remainder when 17363 is divided by 341?
313
What is the remainder when 174553 is divided by 68?
65
Calculate the remainder when 142279 is divided by 167.
162
Calculate the remainder when 8237 is divided by 507.
125
Calculate the remainder when 817527 is divided by 30.
27
Calculate the remainder when 13692 is divided by 415.
412
What is the remainder when 138392 is divided by 59?
37
Calculate the remainder when 184181 is divided by 1012.
1009
What is the remainder when 5746458 is divided by 1580?
1578
What is the remainder when 25288 is divided by 11?
10
What is the remainder when 132876 is divided by 1197?
9
Calculate the remainder when 13031 is divided by 59.
51
What is the remainder when 53105 is divided by 640?
625
What is the remainder when 991 is divided by 244?
15
Calculate the remainder when 100787 is divided by 116.
99
Calculate the remainder when 7891 is divided by 27.
7
Calculate the remainder when 66904 is divided by 44.
24
What is the remainder when 34552 is divided by 254?
8
Calculate the remainder when 768522 is divided by 632.
10
Calculate the remainder when 2093121 is divided by 197.
193
What is the remainder when 5818 is divided by 1936?
10
What is the remainder when 28871 is divided by 1041?
764
What is the remainder when 2033120 is divided by 13?
11
Calculate the remainder when 2984531 is divided by 1305.
1301
What is the remainder when 1239080 is divided by 33?
29
Calculate the remainder when 19493 is divided by 1082.
17
What is the remainder when 22422 is divided by 1361?
646
Calculate the remainder when 2890 is divided by 2889.
1
Calculate the remainder when 4461 is divided by 149.
140
What is the remainder when 13747 is divided by 328?
299
Calculate the remainder when 5720 is divided by 241.
177
Calculate the remainder when 22858 is divided by 7.
3
Calculate the remainder when 3151 is divided by 1427.
297
What is the remainder when 31533 is divided by 26?
21
Calculate the remainder when 1657798 is divided by 40.
38
Calculate the remainder when 1540 is divided by 731.
78
What is the remainder when 12043 is divided by 73?
71
Calculate the remainder when 357053 is divided by 132.
125
Calculate the remainder when 345509 is divided by 11.
10
What is the remainder when 1247165 is divided by 1247152?
13
What is the remainder when 1296788 is divided by 581?
577
What is the remainder when 116222 is divided by 66?
62
Calculate the remainder when 52396 is divided by 17460.
16
Calculate the remainder when 47451 is divided by 4743.
21
What is the remainder when 10379 is divided by 1231?
531
What is the remainder when 3054173 is divided by 1387?
1386
What is the remainder when 258753 is divided by 129367?
19
Calculate the remainder when 1517 is divided by 43.
12
What is the remainder when 63400 is divided by 13?
12
Calculate the remainder when 4660 is divided by 1153.
48
Calculate the remainder when 97390 is divided by 3478.
6
What is the remainder when 1963 is divided by 21?
10
Calculate the remainder when 8160 is divided by 372.
348
Calculate the remainder when 52669 is divided by 13163.
17
What is the remainder when 70356 is divided by 72?
12
Calculate the remainder when 1294 is divided by 10.
4
Calculate the remainder when 886785 is divided by 28.
25
Calculate the remainder when 9609 is divided by 1344.
201
What is the remainder when 19996 is divided by 2574?
1978
Calculate the remainder when 12080 is divided by 22.
2
Calculate the remainder when 1457 is divided by 282.
47
Calculate the remainder when 864 is divided by 77.
17
What is the remainder when 4731 is divided by 181?
25
Calculate the remainder when 50233 is divided by 457.
420
What is the remainder when 951 is divided by 472?
7
Calculate the remainder when 2730 is divided by 520.
130
What is the remainder when 32859 is divided by 259?
225
What is the remainder when 266566 is divided by 11?
3
What is the remainder when 316294 is divided by 24?
22
What is the remainder when 261012 is divided by 20?
12
Calculate the remainder when 5893 is divided by 5891.
2
Calculate the remainder when 10235 is divided by 29.
27
What is the remainder when 6478 is divided by 540?
538
What is the remainder when 47408 is divided by 304?
288
What is the remainder when 6437 is divided by 495?
2
Calculate the remainder when 1347868 is divided by 1168.
1164
What is the remainder when 2218 is divided by 725?
43
What is the remainder when 7418 is divided by 3701?
16
What is the remainder when 130004 is divided by 650?
4
Calculate the remainder when 19969 is divided by 19955.
14
Calculate the remainder when 172286 is divided by 291.
14
Calculate the remainder when 2649 is divided by 648.
57
Calculate the remainder when 226268 is divided by 108.
8
Calculate the remainder when 5348 is divided by 890.
8
What is the remainder when 8511 is divided by 36?
15
What is the remainder when 4085 is divided by 302?
159
Calculate the remainder when 28941 is divided by 7190.
181
Calculate the remainder when 123274 is divided by 721.
704
What is the remainder when 975 is divided by 468?
39
Calculate the remainder when 4648 is divided by 462.
28
What is the remainder when 481492 is divided by 78?
76
What is the remainder when 157417 is divided by 88?
73
Calculate the remainder when 13283 is divided by 182.
179
What is the remainder when 70525 is divided by 91?
0
Calculate the remainder when 1800 is divided by 113.
105
What is the remainder when 855169 is divided by 878?
875
Calculate the remainder when 57511 is divided by 14292.
343
What is the remainder when 32357 is divided by 51?
23
What is the remainder when 15069 is divided by 186?
3
What is the remainder when 42590 is divided by 67?
45
Calculate the remainder when 34998 is divided by 83.
55
Calcul